**2 - 21*c - 22. Let r be j(22). Let f(z) be the third derivative of r + 0*z + 0*z**3 - 5/24*z**4 - 3*z**2. What is f(1)?
-5
Let q(a) = a**3 + 7*a**2 + 6*a + 4. Suppose -2*i + 2*k - 4*k = 12, 5*k = 0. Let l be -3 - ((-9)/(-3))/i*-6. Calculate q(l).
4
Let r(i) = 24*i**2 + 28*i**2 + i - 4 - 51*i**2. Determine r(-5).
16
Let p(r) be the second derivative of -r**5/20 + r**4/3 + r**3 + r**2 + 7*r. Let b = 30 - 25. Give p(b).
7
Let l be (1 + -7)*(-3)/6. Suppose -y - 14 = -l*y. Let k(a) = -10*a - y*a**2 + a**3 + 4 - 15*a - 15*a + 44*a. What is k(6)?
-8
Suppose -2*f = 3*o - 13, -5*o = 3*f - 22 + 2. Let l(q) = 117 + 8*q + 121 - 238. Determine l(o).
8
Suppose 0 = 13*b - 17*b + 4*j - 12, 5*b + j + 15 = 0. Let c(q) = -2*q + 2. Determine c(b).
8
Let q be -2*(-3 + -1 + 5). Let t(w) = w - 1. What is t(q)?
-3
Let y(d) be the third derivative of d**5/60 + d**3/3 - 11*d**2. Let v(f) = f**2 - 6*f - 6. Let w be v(7). Let i = 3 - w. Calculate y(i).
6
Let r(v) be the third derivative of 1/60*v**5 + 1/4*v**4 + 0 + 0*v - 2/3*v**3 + 21*v**2. What is r(-6)?
-4
Let j be 14*4*(4 + (-33)/12). Let a = j + -76. Let v(x) = x**2 + 9*x + 3. Calculate v(a).
-15
Let j(p) = -p**2 + p + 4. Let u be j(0). Suppose -u*z - o = -7*z + 23, 4*z = 2*o + 34. Let q(l) = -l**2 + 3*l + 5. What is q(z)?
-13
Let k(o) be the second derivative of o**4/12 + o**3/6 - o. Let d(a) = -a + 1. Let h be d(3). Give k(h).
2
Let x(m) be the first derivative of -m**7/840 - m**6/72 + m**5/30 + m**4/6 + 7*m**3/3 + 8. Let u(b) be the third derivative of x(b). Give u(-6).
16
Let o = -59 - -32. Let s = o + 31. Let x(r) = r**3 - 4*r**2 - 2*r + 5. Determine x(s).
-3
Let p = 22 - 41. Let a = p + 16. Let g(q) = -q**3 - 3*q**2 + 4*q + 2. Give g(a).
-10
Let c(j) = 11*j**2 + 8*j. Let i(k) = 9*k**2 + 7*k - 1. Let b(a) = 4*c(a) - 5*i(a). Give b(-5).
-5
Let g = -805 - -787. Let u(n) = n + 27. Calculate u(g).
9
Let d = -616 - -619. Let a(l) be the first derivative of -d*l + 1/3*l**3 - 1/2*l**2 + 2. What is a(-3)?
9
Let t(b) = 3*b - 34. Let v(g) = -4*g + 38. Let k(d) = -7*t(d) - 6*v(d). Determine k(7).
31
Let v(c) = 5 - 10 - c - 2*c + 0*c + 0. What is v(1)?
-8
Let t(u) = -u**3 - 5*u**2 - u - 2. Let b be (32 + -38)*(-2)/(-3). Determine t(b).
-14
Let x = -96 + 89. Let j(n) = 4*n - 7. Determine j(x).
-35
Suppose -5*q - 18 + 17 = -u, -3*q - 4 = -4*u. Let p(a) be the third derivative of 1/2*a**3 + 3*a**2 - 1/60*a**5 + 5/24*a**4 + q + 0*a. Determine p(4).
7
Let g(o) = o + 2. Suppose -2*h - 3*h + 3*k = -1, -2*h = -5*k + 11. Let n be h/(-2) - (-8)/(-2). Determine g(n).
-3
Let l = -29 + 40. Let v = l - 14. Let x be 2*v/(-12)*0. Let a(z) = -z**2 + 3. Calculate a(x).
3
Let s(w) be the third derivative of 0 + 0*w + 1/24*w**4 + 2/3*w**3 + 7*w**2. Calculate s(-5).
-1
Let z(v) = v**2 + 8*v - 7. Suppose 3*n + 4*k = -29, n + k + 16 = -n. Give z(n).
-14
Suppose 3*p + 12 = p. Let r(k) = k**2 + 8*k - 3. Let d(a) = -a. Let z(h) = -3*d(h) - r(h). Determine z(p).
-3
Suppose 0 = -4*k + 3*l + 15 - 45, -k - 3*l = 0. Let p(z) be the second derivative of z**5/20 + 5*z**4/12 - 7*z**3/6 - z**2 + 6*z. Give p(k).
4
Let y(j) = -5*j - 59. Let i be y(-12). Let v(w) = 3*w**3 + w**2 - w. What is v(i)?
3
Let q(p) = -12*p**2 - 2*p + 6. Let j(m) = -7*m**2 - 2*m + 3. Let x(o) = 5*j(o) - 3*q(o). Suppose 5*u - 41 + 16 = 0. Calculate x(u).
2
Suppose -14*d - 4 = -60. Let h(q) be the third derivative of q**4/24 - 5*q**3/6 - 2*q**2. Give h(d).
-1
Let d(r) = -2*r - 1. Let a be d(-1). Let l(u) be the third derivative of 0 - 1/6*u**3 - 1/12*u**4 + 0*u - 13*u**2. Give l(a).
-3
Let o be (10/(-55))/(-6 + (-252)/(-44)). Let i(v) be the second derivative of -2*v - o*v**3 + 3*v**2 - 1/12*v**4 + 0. Calculate i(-6).
-6
Let a be (6 + -12 + -5)*1. Let x(r) = r + 13. Calculate x(a).
2
Let t(q) = 7*q - 47. Suppose -48 + 34 = -2*i. Give t(i).
2
Let g(j) = j**3 - 9*j**2 + 7*j + 10. Let b be (1/((-21)/(-30)))/(4/28). Let n = -2 + b. What is g(n)?
2
Let o(y) = -8*y - 27. Let a(s) = 3*s + 9. Let w(b) = -11*a(b) - 4*o(b). Suppose -5*k + 20 = 0, -6*j - k = -3*j - 28. Calculate w(j).
1
Let f(p) be the third derivative of p**3/6 - 38*p**2. Let y(a) = -a**2. Let h(v) = f(v) - y(v). Calculate h(2).
5
Let i(a) = -111*a**3 - 5*a**2 + 10*a - 7. Let d(w) = 55*w**3 + 2*w**2 - 4*w + 3. Let o(q) = 5*d(q) + 2*i(q). Give o(-1).
-52
Let k(r) = -14*r - 2. Suppose 19 = 25*b - 31. Calculate k(b).
-30
Suppose 3*n + 18 = 5*i, i - 7 = 5*n + 1. Let o(y) be the first derivative of 9 + 9/2*y**2 - y. What is o(n)?
-10
Suppose -460*r + 482*r = -198. Let l(j) = -j**3 - 8*j**2 + 7*j + 4. Determine l(r).
22
Let h(q) = q**2 + 7*q - 2. Suppose -2*a - 368 = -358. Give h(a).
-12
Let j(q) = -2*q - 2. Let g = -13 + 13. Let c be (-10)/(-2)*(g - -5). Suppose -2*a - 3*m = -0*m - 17, -4*a - 3*m = -c. Give j(a).
-10
Suppose 61 = 4*q + n - 6*n, -q = 5*n - 9. Let a(g) = g - 18. What is a(q)?
-4
Let v(d) = 2*d - 7. Suppose 0 = u - 3*s - 7 - 5, 5*u + 8 = -2*s. Suppose 5*w - 25 = -u. Let x(g) = -4*g + 14. Let p(i) = w*v(i) + 2*x(i). Calculate p(7).
7
Let p = -2937 - -2939. Let f(b) be the first derivative of -b**2 - 4 - 1/3*b**3 + p*b. Calculate f(3).
-13
Let j(y) = y**2 + 6*y + 5. Let d = 7 + -6. Let z be (2 - d)*(-10 + 6). Determine j(z).
-3
Let u(g) be the first derivative of -g**4/24 + g**3 - 23*g**2/2 - 17. Let m(w) be the second derivative of u(w). Calculate m(0).
6
Let g(k) = -k**3 - 2*k**2 - 4*k - 2. Let n(r) = 3*r + 19. Let l be n(-7). Let q be g(l). Let j(i) = -i**2 + 5*i - 4. Calculate j(q).
-10
Suppose 2*b + 18 = -b. Let t(f) = -f**2 + 5 - 8 + 1 + 3. Let i(h) = h**3 + 3*h**2 + 7*h + 9. Let l(a) = i(a) - 4*t(a). What is l(b)?
-1
Suppose 3*j = -3*x + 4*j + 17, 0 = 2*x + 4*j - 30. Let k(u) = -15 + x + 8*u + 9. Determine k(1).
9
Let v(d) = 4*d + 120. Let g(h) = 3*h + 80. Let f(b) = -7*g(b) + 5*v(b). Give f(0).
40
Let v(o) = -5*o**3 - o**2 - 4*o + 2. Let d(w) = -2 - 66*w**3 + 3*w + 0 + 70*w**3. Suppose -4*y = -2*y + 10. Let b(u) = y*v(u) - 6*d(u). Calculate b(-2).
10
Let m(n) = n**3 + 4*n**2 + 4*n + 3. Suppose -b = -4*u - 11, -3*b - 1 - 5 = u. Let s be m(u). Let k(c) = -c**2 - c + 21. What is k(s)?
21
Let x(o) = -o**2 + 4. Let g be 8/2 - (5 + -4). Let a be x(g). Let b(w) = 0 + w - 2*w + 1. Calculate b(a).
6
Let v(f) = -f**3 - 2*f**2 - f. Let t(p) = 11*p - 3. Let n be t(3). Suppose -16 = -3*j - 4*l, 4*j + 2*l = l + n. Suppose 5 = q + 10, -2*q - j = -2*s. Give v(s).
0
Let c(n) be the first derivative of 29 + 0*n + 11/2*n**2. What is c(1)?
11
Let v(a) = 5*a - a**2 + 5*a**2 - 2 - 5*a**2. Let m = -1262 - -1266. Give v(m).
2
Let h(s) = 13*s**3 + 53*s**2 + s - 8. Let m be h(-4). Let l(f) = 1 - 2*f**2 + 5*f + 0*f + f**2. Determine l(m).
5
Let w be 0 + 45/((-5)/(-1)). Let x(j) = 4*j**2 + 9*j**3 - w*j**3 - 4 + 4*j - j**3. Determine x(5).
-9
Let y be 174/10 + (-39)/(-65). Let f be (-9)/6 - (-37)/(-2). Let l = f + y. Let n(x) = x**3 + 2*x**2 + 3*x + 1. Give n(l).
-5
Let c(d) be the first derivative of 0*d - 1/3*d**3 + 0*d**2 + 1. What is c(-4)?
-16
Suppose -2*q = 2, -3*w - 9 = 4*q + 10. Let y(p) = 0*p + p + 5*p + 3. Let c(k) = -5*k - 3. Let v(t) = w*c(t) - 4*y(t). Determine v(-6).
-3
Let b(o) = 2*o**2. Let q(y) = y**3 + 13*y**2 - 16*y + 1. Let m be q(-14). Let x = m - 28. Calculate b(x).
2
Suppose 4*u - 110 = -u. Suppose -u*t + 35 = -17*t. Let c(m) be the second derivative of -m**3/6 - m**2/2 + 14*m. What is c(t)?
-8
Let f(s) = s**2 - 19*s - 43. Let h be f(21). Let q(y) = 2*y**2 - y. Give q(h).
3
Suppose 24 = -2*w - 5*q, w + 4*q + 71 - 56 = 0. Let p(d) = d**3 + 7*d**2 + d + 6. What is p(w)?
-1
Let o be (-2)/(-6)*(-13 + 22). Let d(r) = r**3 - r**2 + 3*r + 1. Give d(o).
28
Let g(r) = r**3 - 7*r**2 + 3*r + 8. Let p be 6/((-10)/15 + 5/3). Determine g(p).
-10
Let v(q) = 13*q + 23. Let u(l) = -6*l - 11. Let w = -5 + 1. Let b(d) = w*v(d) - 9*u(d). Determine b(-5).
-3
Suppose -3*d - k + 242 = -0*k, 3*d + 3*k - 252 = 0. Suppose 8*a - 7 = -d. Let u(b) = -b**2 - 9*b - 13. Give u(a).
-13
Let c = -32 + 11. Let s = -16 - c. Let q(t) = -t**2 + 5*t. What is q(s)?
0
Let h(n) = n - 7. Let v be (133/57)/(51/(-18) - -3). Determine h(v).
7
Suppose -2*m + 6 = -3*d, 2*m + 0*d + 2*d - 6 = 0. Let t be 1/(3 - (m - -1)). Let f(r) = -8*r**3 - 2*r**2 - 2*r - 1. What is f(t)?
7
Let a(x) = 5*x**3 + 2*x**2 - 5*x. Let k(s) = 14*s**3 + 5*s**2 - 15*s. Let g(f) = -11*a(f)